 divided by 97?
32
What is the remainder when 38678605 is divided by 38678582?
23
Calculate the remainder when 230477122 is divided by 265.
262
What is the remainder when 291056073 is divided by 97018690?
3
What is the remainder when 24392609 is divided by 265137?
5
What is the remainder when 2046985 is divided by 106?
19
Calculate the remainder when 90560 is divided by 293.
23
Calculate the remainder when 103707 is divided by 2948.
527
Calculate the remainder when 1309802 is divided by 13098.
2
Calculate the remainder when 116520 is divided by 28168.
3848
Calculate the remainder when 6124899 is divided by 92.
91
What is the remainder when 18330 is divided by 1486?
498
Calculate the remainder when 344045 is divided by 953.
12
What is the remainder when 710022917 is divided by 236674304?
5
What is the remainder when 137509 is divided by 17176?
101
What is the remainder when 912761 is divided by 3953?
3571
Calculate the remainder when 29855324 is divided by 2791.
2788
What is the remainder when 850493 is divided by 22381?
15
What is the remainder when 63468866 is divided by 142?
120
What is the remainder when 585579 is divided by 26616?
27
What is the remainder when 202354 is divided by 335?
14
What is the remainder when 85041427 is divided by 111?
109
Calculate the remainder when 68866 is divided by 8471.
1098
Calculate the remainder when 713560 is divided by 2470.
2200
Calculate the remainder when 999408 is divided by 499699.
10
Calculate the remainder when 15565993 is divided by 1197365.
248
Calculate the remainder when 33467061 is divided by 1195252.
5
What is the remainder when 1398420 is divided by 17?
0
What is the remainder when 15508482 is divided by 1332?
6
What is the remainder when 349911 is divided by 16657?
114
What is the remainder when 34199 is divided by 3777?
206
What is the remainder when 47868 is divided by 7967?
66
Calculate the remainder when 670095 is divided by 4439.
4245
What is the remainder when 2624287 is divided by 874753?
28
What is the remainder when 3016519 is divided by 65?
64
Calculate the remainder when 5510710 is divided by 24.
22
Calculate the remainder when 13416 is divided by 4113.
1077
What is the remainder when 3088856 is divided by 3088853?
3
Calculate the remainder when 12549772 is divided by 237.
148
What is the remainder when 2926873 is divided by 21521?
17
Calculate the remainder when 93303 is divided by 3024.
2583
Calculate the remainder when 16359166 is divided by 768.
766
What is the remainder when 44202 is divided by 1373?
266
What is the remainder when 2310297 is divided by 20?
17
Calculate the remainder when 11539 is divided by 5418.
703
What is the remainder when 1054568 is divided by 193?
16
What is the remainder when 708083 is divided by 64359?
134
Calculate the remainder when 4438142 is divided by 37.
29
Calculate the remainder when 853019 is divided by 1139.
1047
Calculate the remainder when 21722734 is divided by 272.
270
What is the remainder when 6115 is divided by 571?
405
Calculate the remainder when 1015813 is divided by 5173.
1905
Calculate the remainder when 80004194 is divided by 5212.
5206
What is the remainder when 49612 is divided by 4141?
4061
What is the remainder when 794777 is divided by 158945?
52
What is the remainder when 29863415 is divided by 786?
131
Calculate the remainder when 2664859 is divided by 83.
61
What is the remainder when 5231 is divided by 47?
14
What is the remainder when 103850 is divided by 2490?
1760
What is the remainder when 1065513 is divided by 4173?
1398
What is the remainder when 108063 is divided by 25?
13
Calculate the remainder when 5719746 is divided by 2859744.
258
What is the remainder when 4013 is divided by 1965?
83
Calculate the remainder when 4111711 is divided by 13.
6
What is the remainder when 66242860 is divided by 18?
16
What is the remainder when 9352028 is divided by 59?
56
What is the remainder when 572855 is divided by 190937?
44
What is the remainder when 45018 is divided by 1160?
938
What is the remainder when 32742 is divided by 10585?
987
Calculate the remainder when 39686 is divided by 3091.
2594
What is the remainder when 1418575 is divided by 13510?
25
What is the remainder when 401671 is divided by 182?
179
Calculate the remainder when 786387 is divided by 80.
67
What is the remainder when 12902 is divided by 4287?
41
What is the remainder when 3649493 is divided by 608246?
17
What is the remainder when 6450359 is divided by 84873?
11
What is the remainder when 1492625 is divided by 11481?
95
Calculate the remainder when 16633829 is divided by 319881.
17
Calculate the remainder when 11601587 is divided by 247.
244
Calculate the remainder when 7470382 is divided by 747038.
2
What is the remainder when 94693 is divided by 113?
112
What is the remainder when 22359070 is divided by 573309?
19
Calculate the remainder when 15722909 is divided by 938.
153
What is the remainder when 203907055 is divided by 17?
11
Calculate the remainder when 188138 is divided by 181.
79
What is the remainder when 42078942 is divided by 26?
22
Calculate the remainder when 1270682 is divided by 2241.
35
What is the remainder when 380960 is divided by 6798?
272
What is the remainder when 1808319 is divided by 1668?
207
What is the remainder when 9054006 is divided by 4330?
4306
Calculate the remainder when 18949675 is divided by 69.
67
What is the remainder when 8596687 is divided by 36?
31
What is the remainder when 991119 is divided by 913?
514
What is the remainder when 1680799 is divided by 335822?
1689
What is the remainder when 1233606 is divided by 15419?
86
What is the remainder when 22929 is divided by 4887?
3381
What is the remainder when 419989 is divided by 2100?
2089
What is the remainder when 9665150 is divided by 134?
132
What is the remainder when 34640 is divided by 33877?
763
What is the remainder when 3113562 is divided by 77839?
2
What is the remainder when 368908 is divided by 33525?
133
What is the remainder when 359523 is divided by 52?
47
Calculate the remainder when 2970646 is divided by 69.
58
What is the remainder when 75526 is divided by 5358?
514
What is the remainder when 6691472 is divided by 312?
8
What is the remainder when 2501023 is divided by 53213?
12
Calculate the remainder when 7048054 is divided by 55.
24
Calculate the remainder when 28668148 is divided by 30082.
2
Calculate the remainder when 85980 is divided by 41646.
2688
Calculate the remainder when 1985267 is divided by 70.
67
Calculate the remainder when 1352 is divided by 1238.
114
What is the remainder when 5370451 is divided by 99?
97
What is the remainder when 5988796 is divided by 2940?
16
Calculate the remainder when 24491375 is divided by 441.
440
What is the remainder when 181124 is divided by 62?
22
Calculate the remainder when 810711 is divided by 65.
31
Calculate the remainder when 6297226 is divided by 1494.
16
Calculate the remainder when 6440344 is divided by 743.
20
Calculate the remainder when 1593167 is divided by 531052.
11
Calculate the remainder when 11411320 is divided by 114.
34
What is the remainder when 1183602 is divided by 168?
42
What is the remainder when 2655048 is divided by 105?
18
Calculate the remainder when 425249 is divided by 2221.
1038
What is the remainder when 50878447 is divided by 350?
347
Calculate the remainder when 4041119 is divided by 1681.
1676
What is the remainder when 299924 is divided by 149752?
420
Calculate the remainder when 144663253 is divided by 42.
7
Calculate the remainder when 2730 is divided by 2614.
116
Calculate the remainder when 56962 is divided by 11322.
352
What is the remainder when 12667502 is divided by 209?
12
What is the remainder when 430131 is divided by 122?
81
Calculate the remainder when 64561 is divided by 794.
247
What is the remainder when 4266515 is divided by 2133255?
5
What is the remainder when 35942 is divided by 365?
172
Calculate the remainder when 8285746 is divided by 14665.
21
What is the remainder when 8825616 is divided by 8287?
8248
What is the remainder when 479831 is divided by 159929?
44
Calculate the remainder when 5399164 is divided by 116.
60
Calculate the remainder when 42561 is divided by 213.
174
What is the remainder when 541077 is divided by 30